ulate the highest common factor of 3344 and 11.
11
What is the greatest common factor of 1115 and 3791?
223
Calculate the greatest common factor of 1134 and 84.
42
Calculate the greatest common factor of 90 and 40.
10
Calculate the greatest common divisor of 1005 and 30.
15
What is the greatest common factor of 44 and 33?
11
What is the highest common divisor of 35 and 2?
1
Calculate the greatest common divisor of 205 and 82.
41
Calculate the greatest common divisor of 3648 and 114.
114
Calculate the greatest common divisor of 41 and 3.
1
Calculate the highest common divisor of 67971 and 278.
139
Calculate the greatest common divisor of 176 and 33.
11
What is the highest common divisor of 9196 and 363?
121
What is the greatest common factor of 17 and 3?
1
Calculate the greatest common divisor of 399 and 21.
21
What is the highest common factor of 25 and 535?
5
What is the greatest common divisor of 24837 and 51?
51
What is the highest common divisor of 3585 and 15?
15
What is the highest common divisor of 155 and 7285?
155
What is the highest common factor of 18 and 192?
6
Calculate the greatest common divisor of 69 and 92.
23
What is the greatest common divisor of 32 and 5904?
16
What is the highest common divisor of 105 and 7455?
105
What is the greatest common factor of 68 and 748?
68
Calculate the greatest common divisor of 5 and 11885.
5
What is the highest common factor of 2345 and 245?
35
Calculate the highest common factor of 31 and 4309.
31
Calculate the highest common factor of 351 and 273.
39
Calculate the greatest common factor of 2881 and 201.
67
What is the greatest common divisor of 14800 and 48?
16
What is the greatest common divisor of 1204 and 1548?
172
What is the highest common divisor of 905 and 10?
5
Calculate the highest common divisor of 429 and 473.
11
Calculate the highest common factor of 1353 and 231.
33
What is the highest common factor of 5 and 5?
5
Calculate the greatest common factor of 1098 and 36.
18
What is the greatest common divisor of 6536 and 301?
43
What is the highest common factor of 583 and 220?
11
What is the highest common factor of 81084 and 348?
348
Calculate the greatest common factor of 17531 and 47.
47
Calculate the greatest common divisor of 5 and 945.
5
What is the greatest common divisor of 7 and 238?
7
Calculate the greatest common divisor of 11 and 1694.
11
Calculate the highest common factor of 544 and 34.
34
Calculate the highest common factor of 393 and 2096.
131
Calculate the highest common divisor of 9404 and 4.
4
Calculate the highest common factor of 195 and 156.
39
Calculate the greatest common factor of 1536 and 12.
12
Calculate the greatest common factor of 48 and 216.
24
What is the greatest common factor of 42246 and 18?
18
What is the greatest common divisor of 150 and 138?
6
Calculate the greatest common factor of 32 and 512.
32
What is the highest common factor of 8400 and 225?
75
What is the greatest common factor of 2106 and 225?
9
What is the highest common factor of 45 and 240?
15
Calculate the highest common divisor of 203 and 116.
29
Calculate the greatest common factor of 3 and 762.
3
Calculate the greatest common divisor of 90 and 405.
45
What is the greatest common divisor of 15 and 195?
15
What is the greatest common factor of 32 and 232?
8
Calculate the highest common factor of 156 and 5772.
156
Calculate the greatest common factor of 300 and 660.
60
What is the highest common factor of 3094 and 34?
34
Calculate the highest common divisor of 6 and 474.
6
What is the greatest common factor of 189 and 135?
27
Calculate the greatest common factor of 96 and 216.
24
Calculate the greatest common factor of 16 and 3240.
8
What is the greatest common factor of 19 and 399?
19
Calculate the greatest common factor of 594 and 66.
66
Calculate the highest common factor of 406 and 754.
58
What is the greatest common factor of 434 and 126?
14
Calculate the highest common factor of 1918 and 14.
14
What is the highest common divisor of 92 and 10442?
46
Calculate the highest common factor of 40 and 70.
10
Calculate the greatest common factor of 4 and 128.
4
Calculate the greatest common divisor of 1946 and 56.
14
What is the greatest common factor of 20112 and 144?
48
What is the greatest common divisor of 44 and 112?
4
Calculate the greatest common divisor of 72 and 104.
8
What is the highest common divisor of 15 and 14910?
15
What is the greatest common factor of 96 and 24?
24
What is the greatest common factor of 22 and 3938?
22
Calculate the greatest common factor of 532 and 21.
7
What is the greatest common factor of 320 and 10?
10
Calculate the highest common factor of 3 and 2847.
3
What is the highest common divisor of 11 and 4136?
11
What is the highest common divisor of 230 and 4?
2
Calculate the highest common divisor of 24 and 1112.
8
Calculate the greatest common divisor of 666 and 36.
18
Calculate the greatest common divisor of 3937 and 62.
31
Calculate the highest common factor of 104 and 13.
13
Calculate the greatest common divisor of 124 and 2449.
31
Calculate the highest common divisor of 4238 and 26.
26
What is the highest common factor of 162 and 12?
6
What is the greatest common divisor of 90 and 1575?
45
Calculate the highest common factor of 74 and 222.
74
What is the highest common factor of 1264 and 79?
79
Calculate the highest common divisor of 166 and 2.
2
What is the highest common factor of 38 and 551?
19
What is the highest common divisor of 1122 and 1155?
33
Calculate the highest common divisor of 900 and 400.
100
What is the highest common divisor of 166 and 1992?
166
What is the greatest common factor of 841 and 87?
29
Calculate the greatest common factor of 175 and 3045.
35
Calculate the highest common factor of 28 and 524.
4
What is the highest common factor of 4180 and 40?
20
What is the highest common factor of 4 and 15388?
4
What is the greatest common divisor of 637 and 1001?
91
Calculate the greatest common divisor of 8037 and 47.
47
What is the highest common factor of 3968 and 155?
31
Calculate the highest common factor of 2695 and 55.
55
Calculate the greatest common factor of 308 and 4158.
154
Calculate the greatest common divisor of 156 and 988.
52
What is the greatest common factor of 162 and 144?
18
Calculate the highest common factor of 250 and 40.
10
What is the highest common factor of 147 and 48?
3
What is the greatest common divisor of 897 and 39?
39
What is the greatest common factor of 75 and 1325?
25
What is the greatest common divisor of 64 and 88?
8
What is the highest common divisor of 144 and 256?
16
What is the highest common factor of 725 and 25?
25
What is the greatest common divisor of 123 and 2337?
123
Calculate the greatest common divisor of 2 and 3.
1
Calculate the highest common divisor of 48 and 1328.
16
Calculate the highest common factor of 91 and 260.
13
What is the highest common factor of 27 and 171?
9
Calculate the greatest common divisor of 150 and 12.
6
Calculate the highest common factor of 4 and 6.
2
What is the highest common divisor of 46 and 5842?
46
What is the greatest common divisor of 18 and 24?
6
What is the highest common factor of 102 and 51?
51
Calculate the greatest common divisor of 395 and 10.
5
Calculate the highest common factor of 15 and 273.
3
What is the greatest common factor of 6 and 1002?
6
What is the greatest common divisor of 390 and 169?
13
Calculate the greatest common factor of 1517 and 185.
37
What is the highest common divisor of 29 and 928?
29
What is the highest common divisor of 35 and 28?
7
What is the greatest common divisor of 2270 and 20?
10
What is the highest common factor of 182 and 13?
13
What is the greatest common divisor of 33 and 44?
11
What is the greatest common factor of 17 and 2363?
17
What is the highest common divisor of 11815 and 85?
85
Calculate the greatest common factor of 29034 and 18.
18
Calculate the highest common divisor of 13293 and 63.
63
What is the greatest common divisor of 1568 and 16?
16
Calculate the highest common divisor of 189 and 7.
7
What is the highest common factor of 34 and 1258?
34
Calculate the highest common factor of 75 and 200.
25
What is the greatest common factor of 24 and 654?
6
Calculate the greatest common factor of 